 = -178*n + 62*n + 333 - 366 + 60*n + 60*n. Give x(6).
-9
Let y(f) = f**2 + 94*f - 299. Let a be y(3). Let x(l) = l**3 + 8*l**2 + 2*l + 7. Give x(a).
-9
Let h(r) be the second derivative of r**4/6 - r**3/6 + 1852*r. Determine h(1).
1
Suppose -3*c + c = -3*b - 6877, -c + 3*b + 3440 = 0. Let n(v) = -3439 + c - v**3 + 3*v - 4*v. What is n(0)?
-2
Let l(r) = 5*r - 18. Let f be l(5). Let t(i) = -37 - i**2 - f*i - i**2 + i**2 + 30. Let o(c) = -c**3 + 2*c**2 - 3*c. Let j be o(2). What is t(j)?
-1
Let n(p) = -p + 77. Let j be n(51). Let r(y) = -8*y + 213. Let h be r(j). Let x(z) = z**2 - 2*z + 1. Give x(h).
16
Let y(z) = 2*z**2 - 3*z + 3. Let t be -2 + (-4)/(-18) + 140/18. Let h be 29/t - 14/(-84). Suppose h*u - 4*m - m - 35 = 0, -9 = 3*u + 3*m. What is y(u)?
5
Let g(q) = -3*q - 1. Suppose a - 6*a + 35 = 0. Suppose a*r - 8*r = -3. Suppose 9 = -r*h - 0. Give g(h).
8
Let q(g) be the third derivative of -g**7/5040 - g**6/80 - g**5/6 + 206*g**2. Let d(t) be the third derivative of q(t). Calculate d(-6).
-3
Let j(y) = -4*y**3 - 20*y**2 + 5*y + 8. Let l(t) = -11*t**3 - 60*t**2 + 14*t + 24. Let n(z) = 8*j(z) - 3*l(z). Give n(-20).
32
Suppose 10*o = 15*o + 175. Let t be 4/(-5) - 273/o. Let r(s) = 0*s**3 - s**3 + 3*s + 5*s**2 + 0 - 1 + t. What is r(6)?
-12
Let y be 78*(25/(-30) + 1). Let i(k) = -k**2 + 12*k - 18. Let n(b) = b**2 - 11*b + 18. Let u(q) = -3*i(q) - 2*n(q). Calculate u(y).
5
Let z(w) = -w**3 + 12*w**2 + 26*w - 22. Let f(r) = r**3 - 19*r**2 - 41*r + 35. Let a(u) = 5*f(u) + 8*z(u). Determine a(2).
-15
Suppose 14*d - 38 = 12*d + 40*d. Let h(f) = -14*f**3 - 2*f**2 - f. Calculate h(d).
13
Let h(b) = -b**3 - 4*b**2 - 4*b - 9. Let n be (-2)/4*(188 + -10 + 16). Let p be (n + 98)*(-4)/1. Determine h(p).
7
Let j(d) = -120 + 99 + 3*d - 10*d + 68 + 0*d. Calculate j(9).
-16
Let m(q) = -6 + 2 - 13*q + 19*q - 7*q. Let u be ((-15)/((-75)/(-16)))/(4/10). Give m(u).
4
Let n(j) = 1. Let r(z) = -3 - 10*z - 10*z**2 - 16*z**2 + 25*z**2. Let w(x) = -2*n(x) - r(x). Determine w(-7).
-20
Suppose 74 + 52 = -63*u. Let n(x) = x**3 - 5*x - 4. What is n(u)?
-2
Let x(b) be the second derivative of b**3/6 + 13*b**2 - 6*b + 6. Calculate x(-11).
15
Let y(g) = 4*g**2 + 130*g + 496. Let m be y(-28). Let s(t) = -t**3 - 7*t**2 + 2*t - 12. Calculate s(m).
36
Let j(p) = p**2 + 0*p**2 - 2*p + 9 - 3*p. Let m be j(4). Let h(s) = -s**3 + 7*s**2 - 8*s + 3. Determine h(m).
13
Let r(w) = 10*w**2 - 4*w - 32. Let v(h) = 5*h**2 - 3*h - 27. Let y(n) = 5*r(n) - 6*v(n). What is y(1)?
20
Let a(x) = x**2 - 11*x - 6. Suppose 4*s + 4*r = -1568, -2*r - 385 = 3*s + 793. Let v = 405 + s. Give a(v).
-6
Let z(u) = -45*u**2 - u + u + 41*u**2 + 11 + 2*u - 3*u. Determine z(2).
-7
Let z(w) = 14*w**3 - 1. Let b be (-13)/(-117) - 26/(-9) - 2. Suppose -b = 3*n - 4. Determine z(n).
13
Suppose -4*q + 467 - 455 = 4*w, 3*q - 4*w = 9. Suppose 3*g + 2*f - 15 = 0, -4*g + 5*f = -8*g + 20. Let p(x) = -3 + 0 - x**2 - 1 + g*x. What is p(q)?
2
Let k(h) = h**2 + 2*h + 3. Let g(r) = -9*r**2 - 11*r - 20. Let b(j) = g(j) + 6*k(j). Give b(1).
-4
Let c(h) = h - 16. Suppose 11*s + 5*s = -1824. Let o = s + 122. What is c(o)?
-8
Let f(v) = v**3 - 2*v**2 - 2*v - 1. Suppose -9*a + 3*a + 42 = 0. Let i(w) = w**2 - 37 + a*w + 11*w + 1 - 3*w. Let c be i(-17). Determine f(c).
-13
Let u(f) = 4*f - 6 + 3 + 8 - 3*f. Let x(r) = -r**3 - 27*r**2 + 27*r - 28. Let d be x(-28). What is u(d)?
5
Let w(v) = -3*v + 33. Suppose -4*m + 63 = 320*c - 325*c, -5*c - 2*m = 51. What is w(c)?
66
Suppose -8*o = -25*o - 51. Let j(u) = -1 + 3*u**2 - u + 0*u**3 + u**3 + 3. Calculate j(o).
5
Let z(m) = -5*m**2 - 4*m + 5. Let r(c) = 2*c**2 + c - 1. Let p(y) = -8*r(y) - 3*z(y). Let t(k) = 5*k**2 + 280*k + 3. Let l be t(-56). What is p(l)?
-4
Let v(a) be the second derivative of -4*a**3/3 + 8*a**2 - 450*a. Calculate v(5).
-24
Let t(l) = -8 + 0*l**2 + l**2 + 15*l - 8*l. Let d(o) = -11*o - 210. Let n be d(-41). Let p = n - 249. Calculate t(p).
0
Let a(u) = -u + 3. Let k = 13 - 9. Let q be (60/135)/(86/(-18) - -5). Suppose -10 = -k*m + 2*l - 5*l, -q*l + 4 = 2*m. What is a(m)?
-1
Let c(j) be the first derivative of j**2/2 - 14*j + 1607. Let g(t) = -t**2 - 7*t - 1. Let u be g(-4). Give c(u).
-3
Let t(n) be the second derivative of -n**4/12 + 4*n**3/3 + 5*n**2 + 12*n + 26. Determine t(9).
1
Let u(b) = -2*b - 1. Let l be -1 - -8 - (-220)/(-44). Suppose -l*m - 4 + 6 = v, v + 3*m = 4. What is u(v)?
3
Let c(a) = 9*a - 68. Suppose -528 = 5588*t - 5720*t. Determine c(t).
-32
Suppose -102*x + 205*x + 1544 = 5046. Suppose -16 - 38 = 2*r. Let h = r + x. Let m(b) = -b. Calculate m(h).
-7
Let u = 213 - 58. Suppose u*h - 161*h + 18 = 0. Let g(a) = -a - 16 + 8 + 8. Calculate g(h).
-3
Let n = 80 + -67. Suppose -q + 3*h = 9, 0 = q + 2*q - h - n. Let y(u) = -u**3 + 5*u**2 + 7*u - 5. What is y(q)?
1
Let r(g) = 4*g**2 + 15*g + 5. Let w(p) = p**3 - 2*p**2 - 19*p - 16. Let v be w(-3). Determine r(v).
9
Let n(x) = -x**3 + 8*x**2 + x - 9. Let q be (-8)/5 + 2 - (-92)/20. Let w = q - 39. Let d = w + 42. What is n(d)?
-1
Let c(n) = -n**2 + 3*n + 2. Let z(g) be the third derivative of -g**5/60 - 5*g**4/24 + g**3 + 4*g**2. Let r be z(-5). Suppose -r*p + 6 + 6 = 0. Determine c(p).
4
Let b(y) = 5*y - 19. Suppose -3*c = 9, -2*m + 7 = 3*c - 2*c. Calculate b(m).
6
Let z be -1 - (14 + -15 + 1 + 16/(-12)). Let t(w) be the first derivative of -11 - 7/2*w**2 - 7*w + z*w**3. Determine t(7).
-7
Let v = 4455 - 4453. Let q(f) = 0*f - 10 + f**3 - f - 1 + 12. Calculate q(v).
7
Let q(i) = -i**3 - 5*i**2 - 1. Let p = -624 + 624. Suppose 34 = -7*d - b, 0 = -p*d - d + 3*b - 8. What is q(d)?
-1
Let j be 4 + (3 - 2) - -2. Suppose 6 = 3*q + 2*s, -5*q + j*s - 8*s + 17 = 0. Let h(x) = -x**3 + 5*x**2 - 5*x + 5. What is h(q)?
1
Suppose 51*r - 41*r = 50. Let w(o) = -3*o + 3 + 0*o**3 - r*o**2 + 3*o**3 + 6*o**2. Determine w(2).
25
Let h(l) = 70 + 0*l**2 - 40 - l**2 + 8*l - 36. Determine h(5).
9
Let o(p) = 6*p + 17. Let t be o(-3). Suppose -2*u - 3*x - 1 = -2, -u + 3 = -x. Let g(f) = 0*f - 3*f**3 - 2*f + 0 - f**u + f - 1. What is g(t)?
2
Let f(w) = -w**2 + 8*w + 14. Let h(j) = -45*j - 102. Let m be h(-3). Suppose -c + m = 4*b - 2*c, -4*c = -3*b + 15. Determine f(b).
5
Let z(c) = -c**2 + c + 8. Let x be z(4). Let a(s) be the third derivative of -1/24*s**4 + 0 + 2/3*s**3 - 1/120*s**6 + 3*s**2 + 0*s - 1/12*s**5. Determine a(x).
-8
Let x(b) be the second derivative of -b**4/12 - 5*b**3/6 - b**2/2 - 3*b - 11. Let g(s) = -s**2 + 25*s - 24. Let d be g(23). Let l = -28 + d. Give x(l).
-7
Let p(g) be the second derivative of -g**4/12 + 7*g**2/2 + 14*g. Let m be 0/((4 - 3)/(10 + -11)). Give p(m).
7
Let x(v) = -v**3 + 5*v + 4. Let q be ((-4)/(-4) + -1)*1. Suppose -o + 2 = -5*a - 0, q = -3*o - 2*a + 23. Suppose o*l = 3*l, -3 = m - 3*l. Calculate x(m).
16
Let h(l) = -l**2 + 5*l - 2*l - 8 + 5*l. Let c be h(6). Let m(r) = -r**3 + 3*r**2 + 2*r + 1. Give m(c).
-7
Let k(o) = -2*o**3 - 4*o**2 + 2*o + 4. Let p(h) = h**2 - 37*h + 78. Let w be p(35). Suppose 21 = x - w*x. What is k(x)?
16
Suppose 6*i + 2 = 8 + 24. Let r(c) = -2*c + 11. Determine r(i).
1
Suppose -3*f - t + 2*t = 1968, -2*f = 2*t + 1304. Let v = 656 + f. Let i(y) = -37*y**2 + 1. Calculate i(v).
-36
Let l(m) = 8*m - 4. Let z(f) = -7*f + 5. Let a(c) = 6*l(c) + 5*z(c). Let v be (192/80)/(4/10). Suppose -5 + v = -o. Calculate a(o).
-12
Let a(m) be the first derivative of m**2/2 + 11*m + 501. Determine a(-3).
8
Suppose 3*l + 3*s - 63 = 0, 5*l - 25 = 4*l + 3*s. Let x = 654 - 636. Suppose -5*v + x = -l. Let m(q) = -q**3 + 9*q**2 - 9*q + 6. Give m(v).
-2
Let r(w) = w**2 - 35*w + 217. Let d = -22999 - -23007. What is r(d)?
1
Let g = -1934 + 1935. Let x(m) = -m**2 - m + 1. Let d(u) = -3*u**2 - 3*u**2 - 2*u + u. Let p(h) = g*d(h) - 5*x(h). Determine p(4).
-5
Suppose 350 = -2*s + 4*b - 0*b, 3*s + 5*b + 525 = 0. Let n = s - -107. Let d be -2*(-2)/6 - n/(-12). Let f(i) = -i**2 - 6*i + 3. Determine f(d).
8
Let x(l) = -4*l + 72. Let g be x(18). Suppose h + 37 - 39 = g. Let j(z) = -71 + 35 + 33 - 4*z**h - z**3 - 2*z. What is j(-2)?
-7
Suppose -55*p + 123*p + 1768 = 0. Let y(q) = -q**2 - 29*q - 74. Determine y(p).
4
Let q(x) = -x**2 + x - 1. Let s(u) = u**2 + 9*u - 66. Let r be s(-15). Suppose -4*j - 4*b = 16, -5*b = 21*j - 20*j + r. What is q(j)?
-1
Let n = 1065 + -233. Suppose 10*a - n = -142. Let k(z) 